{"id":941,"date":"2015-11-08T21:03:04","date_gmt":"2015-11-08T20:03:04","guid":{"rendered":"http:\/\/abenax.de\/blog\/?page_id=941"},"modified":"2025-03-14T12:47:43","modified_gmt":"2025-03-14T10:47:43","slug":"blutmond-september-2015","status":"publish","type":"page","link":"http:\/\/abenax.de\/blog\/blutmond-september-2015\/","title":{"rendered":"der Mond auf 30\u00b0 Breite"},"content":{"rendered":"<h2><span style=\"color: #0000ff;\"> Blutmond September 2015 <\/span><\/h2>\n<h2>&nbsp;<\/h2>\n<div style=\"clear: both;\">\n<div class=\"su-row\">\n<div class=\"su-column su-column-size-1-2\"><div class=\"su-column-inner su-u-clearfix su-u-trim\">\n<figure id=\"attachment_959\" aria-describedby=\"caption-attachment-959\" style=\"width: 281px\" class=\"wp-caption alignleft\"><a href=\"http:\/\/abenax.de\/blog\/wp-content\/uploads\/2015\/11\/IMG_20150928_023657a.jpg\" rel=\"lightbox[941]\"><img loading=\"lazy\" decoding=\"async\" class=\"wp-image-959 size-medium\" src=\"http:\/\/abenax.de\/blog\/wp-content\/uploads\/2015\/11\/IMG_20150928_023657a-281x300.jpg\" alt=\"Blutmond\" width=\"281\" height=\"300\" srcset=\"http:\/\/abenax.de\/blog\/wp-content\/uploads\/2015\/11\/IMG_20150928_023657a-281x300.jpg 281w, http:\/\/abenax.de\/blog\/wp-content\/uploads\/2015\/11\/IMG_20150928_023657a-960x1024.jpg 960w, http:\/\/abenax.de\/blog\/wp-content\/uploads\/2015\/11\/IMG_20150928_023657a.jpg 1350w\" sizes=\"(max-width: 281px) 85vw, 281px\" \/><\/a><figcaption id=\"caption-attachment-959\" class=\"wp-caption-text\">nur mit einen Stativ lassen sich Fotos machen<\/figcaption><\/figure>\n<\/div><\/div>\n<div class=\"su-column su-column-size-1-2\"><div class=\"su-column-inner su-u-clearfix su-u-trim\">\n<p>eigens den Wecker gestellt, obwohl weit im S\u00fcden, so warm war\u00b4s in der Nacht nicht. Aber interessant!<\/p>\n<\/div><\/div>\n<\/div>\n<figure id=\"attachment_954\" aria-describedby=\"caption-attachment-954\" style=\"width: 500px\" class=\"wp-caption alignleft\"><a href=\"http:\/\/abenax.de\/blog\/wp-content\/uploads\/2015\/11\/mondfinsternis28sep15ci.jpg\" rel=\"lightbox[941]\"><img loading=\"lazy\" decoding=\"async\" class=\"size-medium wp-image-954\" src=\"http:\/\/abenax.de\/blog\/wp-content\/uploads\/2015\/11\/mondfinsternis28sep15ci-300x108.jpg\" alt=\"das war der Ablauf\" width=\"500\" height=\"108\"\/><\/a><figcaption id=\"caption-attachment-954\" class=\"wp-caption-text\">das war der Ablauf<\/figcaption><\/figure>\n<p>&nbsp;<\/p>\n<div class=\"su-row\">\n<div class=\"su-column su-column-size-1-5\"><div class=\"su-column-inner su-u-clearfix su-u-trim\">\n<figure id=\"attachment_942\" aria-describedby=\"caption-attachment-942\" style=\"width: 150px\" class=\"wp-caption alignleft\"><a href=\"http:\/\/abenax.de\/blog\/wp-content\/uploads\/2015\/11\/1DSCN0608g_g1.jpg\" rel=\"lightbox[941]\"><img loading=\"lazy\" decoding=\"async\" class=\"wp-image-942 size-thumbnail\" src=\"http:\/\/abenax.de\/blog\/wp-content\/uploads\/2015\/11\/1DSCN0608g_g1-150x150.jpg\" alt=\"Erdschatten fast vollst\u00e4ndig\" width=\"150\" height=\"150\"\/><\/a><figcaption id=\"caption-attachment-942\" class=\"wp-caption-text\">Erdschatten bei 90%<\/figcaption><\/figure>\n<\/div><\/div>\n<div class=\"su-column su-column-size-1-5\"><div class=\"su-column-inner su-u-clearfix su-u-trim\">\n<figure id=\"attachment_944\" aria-describedby=\"caption-attachment-944\" style=\"width: 150px\" class=\"wp-caption alignleft\"><a href=\"http:\/\/abenax.de\/blog\/wp-content\/uploads\/2015\/11\/2DSCN0606g_g1.jpg\" rel=\"lightbox[941]\"><img loading=\"lazy\" decoding=\"async\" class=\"wp-image-944 size-thumbnail\" src=\"http:\/\/abenax.de\/blog\/wp-content\/uploads\/2015\/11\/2DSCN0606g_g1-150x150.jpg\" alt=\"Der Mond fast ohne Sonnenanstrahlung\" width=\"150\" height=\"150\" srcset=\"http:\/\/abenax.de\/blog\/wp-content\/uploads\/2015\/11\/2DSCN0606g_g1-150x150.jpg 150w, http:\/\/abenax.de\/blog\/wp-content\/uploads\/2015\/11\/2DSCN0606g_g1-300x300.jpg 300w, http:\/\/abenax.de\/blog\/wp-content\/uploads\/2015\/11\/2DSCN0606g_g1.jpg 660w\" sizes=\"(max-width: 150px) 85vw, 150px\" \/><\/a><figcaption id=\"caption-attachment-944\" class=\"wp-caption-text\">Sonne fast ganz verdeckt<\/figcaption><\/figure>\n<\/div><\/div>\n<div class=\"su-column su-column-size-1-5\"><div class=\"su-column-inner su-u-clearfix su-u-trim\">\n<figure id=\"attachment_949\" aria-describedby=\"caption-attachment-949\" style=\"width: 150px\" class=\"wp-caption alignleft\"><a href=\"http:\/\/abenax.de\/blog\/wp-content\/uploads\/2015\/11\/3DSCN0557g_g1.jpg\" rel=\"lightbox[941]\"><img loading=\"lazy\" decoding=\"async\" class=\"wp-image-949 size-thumbnail\" src=\"http:\/\/abenax.de\/blog\/wp-content\/uploads\/2015\/11\/3DSCN0557g_g1-150x150.jpg\" alt=\"Blutmond in voller Pracht\" width=\"150\" height=\"150\" srcset=\"http:\/\/abenax.de\/blog\/wp-content\/uploads\/2015\/11\/3DSCN0557g_g1-150x150.jpg 150w, http:\/\/abenax.de\/blog\/wp-content\/uploads\/2015\/11\/3DSCN0557g_g1-298x300.jpg 298w, http:\/\/abenax.de\/blog\/wp-content\/uploads\/2015\/11\/3DSCN0557g_g1.jpg 740w\" sizes=\"(max-width: 150px) 85vw, 150px\" \/><\/a><figcaption id=\"caption-attachment-949\" class=\"wp-caption-text\">Maximaler Blutmond<\/figcaption><\/figure>\n<\/div><\/div>\n<div class=\"su-column su-column-size-1-5\"><div class=\"su-column-inner su-u-clearfix su-u-trim\">\n<figure id=\"attachment_951\" aria-describedby=\"caption-attachment-951\" style=\"width: 150px\" class=\"wp-caption alignleft\"><a href=\"http:\/\/abenax.de\/blog\/wp-content\/uploads\/2015\/11\/4DSCN0548g_g1.jpg\" rel=\"lightbox[941]\"><img loading=\"lazy\" decoding=\"async\" class=\"wp-image-951 size-thumbnail\" src=\"http:\/\/abenax.de\/blog\/wp-content\/uploads\/2015\/11\/4DSCN0548g_g1-150x150.jpg\" alt=\"Beginn Erdschattenaustritt\" width=\"150\" height=\"150\"\/><\/a><figcaption id=\"caption-attachment-951\" class=\"wp-caption-text\">Beginn wiederkehr Sonnenlicht<\/figcaption><\/figure>\n<\/div><\/div>\n<div class=\"su-column su-column-size-1-5\"><div class=\"su-column-inner su-u-clearfix su-u-trim\">\n<figure id=\"attachment_952\" aria-describedby=\"caption-attachment-952\" style=\"width: 150px\" class=\"wp-caption alignleft\"><a href=\"http:\/\/abenax.de\/blog\/wp-content\/uploads\/2015\/11\/5DSCN0532g_g1.jpg\" rel=\"lightbox[941]\"><img loading=\"lazy\" decoding=\"async\" class=\"wp-image-952 size-thumbnail\" src=\"http:\/\/abenax.de\/blog\/wp-content\/uploads\/2015\/11\/5DSCN0532g_g1-150x150.jpg\" alt=\"Erdschatten 10% ausgetreten\" width=\"150\" height=\"150\"\/><\/a><figcaption id=\"caption-attachment-952\" class=\"wp-caption-text\">Erdschatten verschiebt sich<\/figcaption><\/figure>\n<\/div><\/div>\n<\/div>\n<div style=\"clear: both;\">\n<p>&nbsp;<\/p>\n<p><span style=\"font-family: Arial Black,Avant Garde; font-size: 14pt; color: #999999;\">bis zur n\u00e4chsten M\u00f6glichkeit !<\/span><\/p>\n<\/div>\n<h2><span style=\"color: #0000ff;\"><strong> Supermond November 2016 <\/strong><\/span><\/h2>\n<h2>&nbsp;<\/h2>\n<div style=\"clear: both;\">\n<figure id=\"attachment_1587\" aria-describedby=\"caption-attachment-1587\" style=\"width: 300px\" class=\"wp-caption alignleft\"><a href=\"http:\/\/abenax.de\/blog\/wp-content\/uploads\/2016\/12\/super_moon_14nov2016_txt.jpg\" rel=\"lightbox[941]\"><img loading=\"lazy\" decoding=\"async\" class=\"size-medium wp-image-1587\" src=\"http:\/\/abenax.de\/blog\/wp-content\/uploads\/2016\/12\/super_moon_14nov2016_txt-300x300.jpg\" alt=\"der Mond\" width=\"300\" height=\"300\" srcset=\"http:\/\/abenax.de\/blog\/wp-content\/uploads\/2016\/12\/super_moon_14nov2016_txt-300x300.jpg 300w, http:\/\/abenax.de\/blog\/wp-content\/uploads\/2016\/12\/super_moon_14nov2016_txt-150x150.jpg 150w, http:\/\/abenax.de\/blog\/wp-content\/uploads\/2016\/12\/super_moon_14nov2016_txt.jpg 404w\" sizes=\"(max-width: 300px) 85vw, 300px\" \/><\/a><figcaption id=\"caption-attachment-1587\" class=\"wp-caption-text\">Supermond 2016<\/figcaption><\/figure>\n<p>es war taghell, und f\u00fcr normale &#8220;Fotoapparate&#8221; ist der Kontrastumfang einfach zu gro\u00df.<\/p>\n<\/div>\n<\/div>\n","protected":false},"excerpt":{"rendered":"<p>Blutmond September 2015 &nbsp; &nbsp; &nbsp; bis zur n\u00e4chsten M\u00f6glichkeit ! Supermond November 2016 &nbsp; es war taghell, und f\u00fcr normale &#8220;Fotoapparate&#8221; ist der Kontrastumfang einfach zu gro\u00df.<\/p>\n","protected":false},"author":1,"featured_media":0,"parent":0,"menu_order":0,"comment_status":"open","ping_status":"closed","template":"","meta":{"ngg_post_thumbnail":0,"pgc_sgb_lightbox_settings":"","footnotes":""},"class_list":["post-941","page","type-page","status-publish","hentry"],"_links":{"self":[{"href":"http:\/\/abenax.de\/blog\/wp-json\/wp\/v2\/pages\/941"}],"collection":[{"href":"http:\/\/abenax.de\/blog\/wp-json\/wp\/v2\/pages"}],"about":[{"href":"http:\/\/abenax.de\/blog\/wp-json\/wp\/v2\/types\/page"}],"author":[{"embeddable":true,"href":"http:\/\/abenax.de\/blog\/wp-json\/wp\/v2\/users\/1"}],"replies":[{"embeddable":true,"href":"http:\/\/abenax.de\/blog\/wp-json\/wp\/v2\/comments?post=941"}],"version-history":[{"count":63,"href":"http:\/\/abenax.de\/blog\/wp-json\/wp\/v2\/pages\/941\/revisions"}],"predecessor-version":[{"id":44991,"href":"http:\/\/abenax.de\/blog\/wp-json\/wp\/v2\/pages\/941\/revisions\/44991"}],"wp:attachment":[{"href":"http:\/\/abenax.de\/blog\/wp-json\/wp\/v2\/media?parent=941"}],"curies":[{"name":"wp","href":"https:\/\/api.w.org\/{rel}","templated":true}]}}

<h2><span style="color: #0000ff;"> Blutmond September 2015 </span></h2>
<h2>&nbsp;</h2>
<div style="clear: both;">
<div class="su-row">
<div class="su-column su-column-size-1-2"><div class="su-column-inner su-u-clearfix su-u-trim">
<figure id="attachment_959" aria-describedby="caption-attachment-959" style="width: 281px" class="wp-caption alignleft"><a href="http://abenax.de/blog/wp-content/uploads/2015/11/IMG_20150928_023657a.jpg" rel="lightbox[941]"><img loading="lazy" decoding="async" class="wp-image-959 size-medium" src="http://abenax.de/blog/wp-content/uploads/2015/11/IMG_20150928_023657a-281x300.jpg" alt="Blutmond" width="281" height="300" srcset="http://abenax.de/blog/wp-content/uploads/2015/11/IMG_20150928_023657a-281x300.jpg 281w, http://abenax.de/blog/wp-content/uploads/2015/11/IMG_20150928_023657a-960x1024.jpg 960w, http://abenax.de/blog/wp-content/uploads/2015/11/IMG_20150928_023657a.jpg 1350w" sizes="(max-width: 281px) 85vw, 281px" /></a><figcaption id="caption-attachment-959" class="wp-caption-text">nur mit einen Stativ lassen sich Fotos machen</figcaption></figure>
</div></div>
<div class="su-column su-column-size-1-2"><div class="su-column-inner su-u-clearfix su-u-trim">
<p>eigens den Wecker gestellt, obwohl weit im Süden, so warm war´s in der Nacht nicht. Aber interessant!</p>
</div></div>
</div>
<figure id="attachment_954" aria-describedby="caption-attachment-954" style="width: 500px" class="wp-caption alignleft"><a href="http://abenax.de/blog/wp-content/uploads/2015/11/mondfinsternis28sep15ci.jpg" rel="lightbox[941]"><img loading="lazy" decoding="async" class="size-medium wp-image-954" src="http://abenax.de/blog/wp-content/uploads/2015/11/mondfinsternis28sep15ci-300x108.jpg" alt="das war der Ablauf" width="500" height="108"/></a><figcaption id="caption-attachment-954" class="wp-caption-text">das war der Ablauf</figcaption></figure>
<p>&nbsp;</p>
<div class="su-row">
<div class="su-column su-column-size-1-5"><div class="su-column-inner su-u-clearfix su-u-trim">
<figure id="attachment_942" aria-describedby="caption-attachment-942" style="width: 150px" class="wp-caption alignleft"><a href="http://abenax.de/blog/wp-content/uploads/2015/11/1DSCN0608g_g1.jpg" rel="lightbox[941]"><img loading="lazy" decoding="async" class="wp-image-942 size-thumbnail" src="http://abenax.de/blog/wp-content/uploads/2015/11/1DSCN0608g_g1-150x150.jpg" alt="Erdschatten fast vollständig" width="150" height="150"/></a><figcaption id="caption-attachment-942" class="wp-caption-text">Erdschatten bei 90%</figcaption></figure>
</div></div>
<div class="su-column su-column-size-1-5"><div class="su-column-inner su-u-clearfix su-u-trim">
<figure id="attachment_944" aria-describedby="caption-attachment-944" style="width: 150px" class="wp-caption alignleft"><a href="http://abenax.de/blog/wp-content/uploads/2015/11/2DSCN0606g_g1.jpg" rel="lightbox[941]"><img loading="lazy" decoding="async" class="wp-image-944 size-thumbnail" src="http://abenax.de/blog/wp-content/uploads/2015/11/2DSCN0606g_g1-150x150.jpg" alt="Der Mond fast ohne Sonnenanstrahlung" width="150" height="150" srcset="http://abenax.de/blog/wp-content/uploads/2015/11/2DSCN0606g_g1-150x150.jpg 150w, http://abenax.de/blog/wp-content/uploads/2015/11/2DSCN0606g_g1-300x300.jpg 300w, http://abenax.de/blog/wp-content/uploads/2015/11/2DSCN0606g_g1.jpg 660w" sizes="(max-width: 150px) 85vw, 150px" /></a><figcaption id="caption-attachment-944" class="wp-caption-text">Sonne fast ganz verdeckt</figcaption></figure>
</div></div>
<div class="su-column su-column-size-1-5"><div class="su-column-inner su-u-clearfix su-u-trim">
<figure id="attachment_949" aria-describedby="caption-attachment-949" style="width: 150px" class="wp-caption alignleft"><a href="http://abenax.de/blog/wp-content/uploads/2015/11/3DSCN0557g_g1.jpg" rel="lightbox[941]"><img loading="lazy" decoding="async" class="wp-image-949 size-thumbnail" src="http://abenax.de/blog/wp-content/uploads/2015/11/3DSCN0557g_g1-150x150.jpg" alt="Blutmond in voller Pracht" width="150" height="150" srcset="http://abenax.de/blog/wp-content/uploads/2015/11/3DSCN0557g_g1-150x150.jpg 150w, http://abenax.de/blog/wp-content/uploads/2015/11/3DSCN0557g_g1-298x300.jpg 298w, http://abenax.de/blog/wp-content/uploads/2015/11/3DSCN0557g_g1.jpg 740w" sizes="(max-width: 150px) 85vw, 150px" /></a><figcaption id="caption-attachment-949" class="wp-caption-text">Maximaler Blutmond</figcaption></figure>
</div></div>
<div class="su-column su-column-size-1-5"><div class="su-column-inner su-u-clearfix su-u-trim">
<figure id="attachment_951" aria-describedby="caption-attachment-951" style="width: 150px" class="wp-caption alignleft"><a href="http://abenax.de/blog/wp-content/uploads/2015/11/4DSCN0548g_g1.jpg" rel="lightbox[941]"><img loading="lazy" decoding="async" class="wp-image-951 size-thumbnail" src="http://abenax.de/blog/wp-content/uploads/2015/11/4DSCN0548g_g1-150x150.jpg" alt="Beginn Erdschattenaustritt" width="150" height="150"/></a><figcaption id="caption-attachment-951" class="wp-caption-text">Beginn wiederkehr Sonnenlicht</figcaption></figure>
</div></div>
<div class="su-column su-column-size-1-5"><div class="su-column-inner su-u-clearfix su-u-trim">
<figure id="attachment_952" aria-describedby="caption-attachment-952" style="width: 150px" class="wp-caption alignleft"><a href="http://abenax.de/blog/wp-content/uploads/2015/11/5DSCN0532g_g1.jpg" rel="lightbox[941]"><img loading="lazy" decoding="async" class="wp-image-952 size-thumbnail" src="http://abenax.de/blog/wp-content/uploads/2015/11/5DSCN0532g_g1-150x150.jpg" alt="Erdschatten 10% ausgetreten" width="150" height="150"/></a><figcaption id="caption-attachment-952" class="wp-caption-text">Erdschatten verschiebt sich</figcaption></figure>
</div></div>
</div>
<div style="clear: both;">
<p>&nbsp;</p>
<p><span style="font-family: Arial Black,Avant Garde; font-size: 14pt; color: #999999;">bis zur nächsten Möglichkeit !</span></p>
</div>
<h2><span style="color: #0000ff;"><strong> Supermond November 2016 </strong></span></h2>
<h2>&nbsp;</h2>
<div style="clear: both;">
<figure id="attachment_1587" aria-describedby="caption-attachment-1587" style="width: 300px" class="wp-caption alignleft"><a href="http://abenax.de/blog/wp-content/uploads/2016/12/super_moon_14nov2016_txt.jpg" rel="lightbox[941]"><img loading="lazy" decoding="async" class="size-medium wp-image-1587" src="http://abenax.de/blog/wp-content/uploads/2016/12/super_moon_14nov2016_txt-300x300.jpg" alt="der Mond" width="300" height="300" srcset="http://abenax.de/blog/wp-content/uploads/2016/12/super_moon_14nov2016_txt-300x300.jpg 300w, http://abenax.de/blog/wp-content/uploads/2016/12/super_moon_14nov2016_txt-150x150.jpg 150w, http://abenax.de/blog/wp-content/uploads/2016/12/super_moon_14nov2016_txt.jpg 404w" sizes="(max-width: 300px) 85vw, 300px" /></a><figcaption id="caption-attachment-1587" class="wp-caption-text">Supermond 2016</figcaption></figure>
<p>es war taghell, und für normale &#8220;Fotoapparate&#8221; ist der Kontrastumfang einfach zu groß.</p>
</div>
</div>

<p>Blutmond September 2015 &nbsp; &nbsp; &nbsp; bis zur nächsten Möglichkeit ! Supermond November 2016 &nbsp; es war taghell, und für normale &#8220;Fotoapparate&#8221; ist der Kontrastumfang einfach zu groß.</p>
