{"id":6,"date":"2009-11-09T18:44:11","date_gmt":"2009-11-09T16:44:11","guid":{"rendered":"http:\/\/abenax.de\/blog\/?p=6"},"modified":"2021-09-14T21:11:55","modified_gmt":"2021-09-14T19:11:55","slug":"ennepetal-stadt-in-westfalen","status":"publish","type":"page","link":"http:\/\/abenax.de\/blog\/ennepetal-stadt-in-westfalen\/","title":{"rendered":"Ennepetal"},"content":{"rendered":"\n<h2 class=\"wp-block-heading\">aufstrebende Mittelstadt<\/h2>\n\n\n\n<p>seit vielen Jahren wird eifrig gebaut , nicht gebaut, gebaut, nicht gebaut &#8230;..<\/p>\n\n\n\n<div class=\"wp-block-image\"><figure class=\"alignleft\"><a href=\"http:\/\/abenax.de\/blog\/wp-content\/uploads\/2017\/03\/hotel_ennepetal_k.jpg\" rel=\"lightbox[6]\"><img loading=\"lazy\" decoding=\"async\" width=\"300\" height=\"154\" src=\"http:\/\/abenax.de\/blog\/wp-content\/uploads\/2017\/03\/hotel_ennepetal_k-300x154.jpg\" alt=\"Hotel EN\" class=\"wp-image-1619\" srcset=\"http:\/\/abenax.de\/blog\/wp-content\/uploads\/2017\/03\/hotel_ennepetal_k-300x154.jpg 300w, http:\/\/abenax.de\/blog\/wp-content\/uploads\/2017\/03\/hotel_ennepetal_k-768x394.jpg 768w, http:\/\/abenax.de\/blog\/wp-content\/uploads\/2017\/03\/hotel_ennepetal_k-1024x526.jpg 1024w, http:\/\/abenax.de\/blog\/wp-content\/uploads\/2017\/03\/hotel_ennepetal_k-1200x616.jpg 1200w\" sizes=\"(max-width: 300px) 85vw, 300px\" \/><\/a><figcaption>Ennepetal das Hotel<\/figcaption><\/figure><\/div>\n\n\n\n<div class=\"wp-block-image\"><figure class=\"alignright\"><a href=\"http:\/\/abenax.de\/blog\/wp-content\/uploads\/2018\/09\/2018s_en_dauerbaustelle.jpg\" rel=\"lightbox[6]\"><img loading=\"lazy\" decoding=\"async\" width=\"300\" height=\"274\" src=\"http:\/\/abenax.de\/blog\/wp-content\/uploads\/2018\/09\/2018s_en_dauerbaustelle-300x274.jpg\" alt=\"Hotel ?\" class=\"wp-image-1773\" srcset=\"http:\/\/abenax.de\/blog\/wp-content\/uploads\/2018\/09\/2018s_en_dauerbaustelle-300x274.jpg 300w, http:\/\/abenax.de\/blog\/wp-content\/uploads\/2018\/09\/2018s_en_dauerbaustelle-768x702.jpg 768w, http:\/\/abenax.de\/blog\/wp-content\/uploads\/2018\/09\/2018s_en_dauerbaustelle-1024x936.jpg 1024w, http:\/\/abenax.de\/blog\/wp-content\/uploads\/2018\/09\/2018s_en_dauerbaustelle-164x150.jpg 164w, http:\/\/abenax.de\/blog\/wp-content\/uploads\/2018\/09\/2018s_en_dauerbaustelle-1200x1096.jpg 1200w, http:\/\/abenax.de\/blog\/wp-content\/uploads\/2018\/09\/2018s_en_dauerbaustelle.jpg 1296w\" sizes=\"(max-width: 300px) 85vw, 300px\" \/><\/a><figcaption>Ennepetal Eckke Voerder- \/ Neustra\u00dfe<\/figcaption><\/figure><\/div>\n\n\n\n<p>nun ja, Anfang 2015 habe ich mal ein Foto gemacht, zum Ende 2016 wurde kolportiert &#8220;es geht weiter&#8221;, im Januar 2017 wieder ein Foto, aber es sieht nicht so aus, dass es weitergeht.<\/p>\n\n\n\n<p>Auch jetzt im September 2018 ist nicht viel Fortschritt zu sehen, aber die Nationalflagge h\u00e4ngt und sch\u00f6ne Details, wie Dachrinnen und Vertikals\u00e4ulenverkleidungen, gibt es.<\/p>\n\n\n\n<div class=\"wp-block-media-text alignwide is-stacked-on-mobile\"><figure class=\"wp-block-media-text__media\"><img loading=\"lazy\" decoding=\"async\" width=\"300\" height=\"210\" src=\"http:\/\/abenax.de\/blog\/wp-content\/uploads\/2018\/09\/2018s_en_dauerbaustelle_detail-300x210.jpg\" alt=\"Hotel ?\" class=\"wp-image-1775 size-full\" srcset=\"http:\/\/abenax.de\/blog\/wp-content\/uploads\/2018\/09\/2018s_en_dauerbaustelle_detail-300x210.jpg 300w, http:\/\/abenax.de\/blog\/wp-content\/uploads\/2018\/09\/2018s_en_dauerbaustelle_detail-768x536.jpg 768w, http:\/\/abenax.de\/blog\/wp-content\/uploads\/2018\/09\/2018s_en_dauerbaustelle_detail-1024x715.jpg 1024w, http:\/\/abenax.de\/blog\/wp-content\/uploads\/2018\/09\/2018s_en_dauerbaustelle_detail-215x150.jpg 215w, http:\/\/abenax.de\/blog\/wp-content\/uploads\/2018\/09\/2018s_en_dauerbaustelle_detail-1200x838.jpg 1200w, http:\/\/abenax.de\/blog\/wp-content\/uploads\/2018\/09\/2018s_en_dauerbaustelle_detail.jpg 1413w\" sizes=\"(max-width: 300px) 85vw, 300px\" \/><\/figure><div class=\"wp-block-media-text__content\">\n<p class=\"has-large-font-size\"><\/p>\n<\/div><\/div>\n\n\n\n<div class=\"wp-block-media-text alignwide is-stacked-on-mobile\" style=\"grid-template-columns:51% auto\"><figure class=\"wp-block-media-text__media\"><img loading=\"lazy\" decoding=\"async\" width=\"1214\" height=\"1190\" src=\"http:\/\/abenax.de\/blog\/wp-content\/uploads\/2021\/09\/2021s_htel_en_1a_txt.jpg\" alt=\"\" class=\"wp-image-44766 size-full\" srcset=\"http:\/\/abenax.de\/blog\/wp-content\/uploads\/2021\/09\/2021s_htel_en_1a_txt.jpg 1214w, http:\/\/abenax.de\/blog\/wp-content\/uploads\/2021\/09\/2021s_htel_en_1a_txt-300x294.jpg 300w, http:\/\/abenax.de\/blog\/wp-content\/uploads\/2021\/09\/2021s_htel_en_1a_txt-1024x1004.jpg 1024w, http:\/\/abenax.de\/blog\/wp-content\/uploads\/2021\/09\/2021s_htel_en_1a_txt-768x753.jpg 768w, http:\/\/abenax.de\/blog\/wp-content\/uploads\/2021\/09\/2021s_htel_en_1a_txt-1200x1176.jpg 1200w\" sizes=\"(max-width: 709px) 85vw, (max-width: 909px) 67vw, (max-width: 1362px) 62vw, 840px\" \/><\/figure><div class=\"wp-block-media-text__content\">\n<p>seit dem vorigen Foto sind 3 Jahre vergangen. Es sieht ja so fertig aus, aber eine Aktivit\u00e4t ist nicht zu erkennen. <\/p>\n\n\n\n<p>Ja gut, man kann ja immer mal vorbei schauen, vielleicht \u00e4ndert sich was.<\/p>\n\n\n\n<p><\/p>\n<\/div><\/div>\n\n\n\n<div style=\"clear: both;\">\n<\/div>\n\n\n\n<div class=\"wp-block-image\"><figure class=\"alignleft\"><a href=\"http:\/\/abenax.de\/blog\/wp-content\/uploads\/2016\/06\/2016s_en_fuzo_1.jpg\" rel=\"lightbox[6]\"><img loading=\"lazy\" decoding=\"async\" width=\"300\" height=\"208\" src=\"http:\/\/abenax.de\/blog\/wp-content\/uploads\/2016\/06\/2016s_en_fuzo_1-300x208.jpg\" alt=\"Wasser steigt auf\" class=\"wp-image-1345\" srcset=\"http:\/\/abenax.de\/blog\/wp-content\/uploads\/2016\/06\/2016s_en_fuzo_1-300x208.jpg 300w, http:\/\/abenax.de\/blog\/wp-content\/uploads\/2016\/06\/2016s_en_fuzo_1-768x533.jpg 768w, http:\/\/abenax.de\/blog\/wp-content\/uploads\/2016\/06\/2016s_en_fuzo_1-1024x710.jpg 1024w, http:\/\/abenax.de\/blog\/wp-content\/uploads\/2016\/06\/2016s_en_fuzo_1-1200x832.jpg 1200w, http:\/\/abenax.de\/blog\/wp-content\/uploads\/2016\/06\/2016s_en_fuzo_1.jpg 2000w\" sizes=\"(max-width: 300px) 85vw, 300px\" \/><\/a><figcaption>Wasserzufluss<\/figcaption><\/figure><\/div>\n\n\n\n<p>&nbsp;jeder Fu\u00dfg\u00e4ngerbereich hat seine Besonderheiten, hier ist es ein Spiegelbild der Wirklichkeit !<\/p>\n\n\n\n<div style=\"clear: both;\">\n<\/div>\n\n\n\n<div class=\"wp-block-image\"><figure class=\"alignleft\"><a href=\"http:\/\/abenax.de\/blog\/wp-content\/uploads\/2009\/11\/2015s_en_stadt_milspe_1.jpg\" rel=\"lightbox[6]\"><img loading=\"lazy\" decoding=\"async\" width=\"300\" height=\"188\" src=\"http:\/\/abenax.de\/blog\/wp-content\/uploads\/2009\/11\/2015s_en_stadt_milspe_1-300x188.jpg\" alt=\"Berg und (Ennepe)-Tal\" class=\"wp-image-585\" srcset=\"http:\/\/abenax.de\/blog\/wp-content\/uploads\/2009\/11\/2015s_en_stadt_milspe_1-300x188.jpg 300w, http:\/\/abenax.de\/blog\/wp-content\/uploads\/2009\/11\/2015s_en_stadt_milspe_1.jpg 960w\" sizes=\"(max-width: 300px) 85vw, 300px\" \/><\/a><figcaption>Berg und (Ennepe)-Tal<\/figcaption><\/figure><\/div>\n\n\n\n<p class=\"has-text-align-left\">liegt es nun im Tal oder mehr auf den Bergen?, ist die Ennepe zu sehen ? oder ist das Fl\u00fcsschen eingemauert ?<\/p>\n\n\n\n<div style=\"clear: both;\">\n<\/div>\n\n\n\n<div class=\"wp-block-image\"><figure class=\"alignleft\"><a href=\"http:\/\/abenax.de\/blog\/wp-content\/uploads\/2009\/11\/en_heinstrasse_richtung_klutert.jpg\" rel=\"lightbox[6]\"><img loading=\"lazy\" decoding=\"async\" width=\"300\" height=\"132\" src=\"http:\/\/abenax.de\/blog\/wp-content\/uploads\/2009\/11\/en_heinstrasse_richtung_klutert-300x132.jpg\" alt=\"Stadtplan\" class=\"wp-image-586\" srcset=\"http:\/\/abenax.de\/blog\/wp-content\/uploads\/2009\/11\/en_heinstrasse_richtung_klutert-300x132.jpg 300w, http:\/\/abenax.de\/blog\/wp-content\/uploads\/2009\/11\/en_heinstrasse_richtung_klutert.jpg 819w\" sizes=\"(max-width: 300px) 85vw, 300px\" \/><\/a><figcaption>Stadtplan<\/figcaption><\/figure><\/div>\n\n\n\n<p class=\"has-text-align-left\">guter Standpunkt ?<\/p>\n\n\n\n<p><br clear=\"ALL\"\/>,<\/p>\n\n\n\n<div class=\"wp-block-image\"><figure class=\"alignleft\"><a href=\"http:\/\/abenax.de\/blog\/wp-content\/uploads\/2009\/11\/CIMG0064b.jpg\" rel=\"lightbox[6]\"><img loading=\"lazy\" decoding=\"async\" width=\"300\" height=\"171\" src=\"http:\/\/abenax.de\/blog\/wp-content\/uploads\/2009\/11\/CIMG0064b-300x171.jpg\" alt=\"\" class=\"wp-image-269\" srcset=\"http:\/\/abenax.de\/blog\/wp-content\/uploads\/2009\/11\/CIMG0064b-300x171.jpg 300w, http:\/\/abenax.de\/blog\/wp-content\/uploads\/2009\/11\/CIMG0064b-1024x584.jpg 1024w, http:\/\/abenax.de\/blog\/wp-content\/uploads\/2009\/11\/CIMG0064b-500x285.jpg 500w, http:\/\/abenax.de\/blog\/wp-content\/uploads\/2009\/11\/CIMG0064b.jpg 1299w\" sizes=\"(max-width: 300px) 85vw, 300px\" \/><\/a><figcaption>Ennepetal &#8211; Argentinien 1:0<\/figcaption><\/figure><\/div>\n\n\n\n<p class=\"has-text-align-left\">Sport ? nat\u00fcrlich hat EN jedemenge Sportpl\u00e4tze und sogar die Sitzpl\u00e4tze sprechen eine Sprache.<\/p>\n\n\n\n<div style=\"clear: both;\">\n<\/div>\n\n\n\n<div class=\"wp-block-image wp-image-3\"><figure class=\"alignleft\"><img loading=\"lazy\" decoding=\"async\" width=\"500\" height=\"295\" src=\"http:\/\/abenax.de\/blog\/wp-content\/uploads\/2009\/11\/87200515a.jpg\" alt=\"\" class=\"wp-image-3\" srcset=\"http:\/\/abenax.de\/blog\/wp-content\/uploads\/2009\/11\/87200515a.jpg 500w, http:\/\/abenax.de\/blog\/wp-content\/uploads\/2009\/11\/87200515a-300x177.jpg 300w\" sizes=\"(max-width: 500px) 85vw, 500px\" \/><figcaption>Goldhimmel<\/figcaption><\/figure><\/div>\n\n\n\n<p class=\"has-text-align-left\">sch\u00f6nes Wetter gibt\u00b4s auch, und bei diesem Abendhimmel wird es doch sicher sch\u00f6n, morgen ?<\/p>\n\n\n\n<div style=\"clear: both;\">\n<figure><a href=\"http:\/\/abenax.de\/blog\/wp-content\/uploads\/2015\/05\/2015s_en_stadt_hbf_1a.jpg\" rel=\"lightbox[6]\"><img loading=\"lazy\" decoding=\"async\" class=\"alignleft wp-image-634 \" src=\"http:\/\/abenax.de\/blog\/wp-content\/uploads\/2015\/05\/2015s_en_stadt_hbf_1a-300x198.jpg\" alt=\"\" width=\"380\" height=\"251\" srcset=\"http:\/\/abenax.de\/blog\/wp-content\/uploads\/2015\/05\/2015s_en_stadt_hbf_1a-300x198.jpg 300w, http:\/\/abenax.de\/blog\/wp-content\/uploads\/2015\/05\/2015s_en_stadt_hbf_1a.jpg 958w\" sizes=\"(max-width: 380px) 85vw, 380px\" \/><\/a><\/figure><p><\/p>\n<p style=\"text-align: left;\">alles zur\u00fccktreten. Von der Bahnsteigkante !! ?<\/p>\n<div style=\"clear: both;\">\n<p>&nbsp;<\/p>\n<\/div><\/div>\n\n\n\n<div class=\"wp-block-image\"><figure class=\"alignleft\"><a href=\"http:\/\/abenax.de\/blog\/wp-content\/uploads\/2018\/09\/2018s_buegeleisenhaus_2_ShiftN_x.jpg\" rel=\"lightbox[6]\"><img loading=\"lazy\" decoding=\"async\" width=\"208\" height=\"300\" src=\"http:\/\/abenax.de\/blog\/wp-content\/uploads\/2018\/09\/2018s_buegeleisenhaus_2_ShiftN_x-208x300.jpg\" alt=\"B\u00fcgeleisenhaus\" class=\"wp-image-1772\" srcset=\"http:\/\/abenax.de\/blog\/wp-content\/uploads\/2018\/09\/2018s_buegeleisenhaus_2_ShiftN_x-208x300.jpg 208w, http:\/\/abenax.de\/blog\/wp-content\/uploads\/2018\/09\/2018s_buegeleisenhaus_2_ShiftN_x-768x1106.jpg 768w, http:\/\/abenax.de\/blog\/wp-content\/uploads\/2018\/09\/2018s_buegeleisenhaus_2_ShiftN_x-711x1024.jpg 711w, http:\/\/abenax.de\/blog\/wp-content\/uploads\/2018\/09\/2018s_buegeleisenhaus_2_ShiftN_x-104x150.jpg 104w, http:\/\/abenax.de\/blog\/wp-content\/uploads\/2018\/09\/2018s_buegeleisenhaus_2_ShiftN_x.jpg 851w\" sizes=\"(max-width: 208px) 85vw, 208px\" \/><\/a><figcaption>Ennepetal B\u00fcgeleisenhaus<\/figcaption><\/figure><\/div>\n\n\n\n<p>ja nat\u00fcrlich, das B\u00fcgeleisenhaus darf nicht fehlen. Jetzt in 2018 gibt es auch wieder ein Ladengesch\u00e4ft im Haus.<\/p>\n","protected":false},"excerpt":{"rendered":"<p>aufstrebende Mittelstadt seit vielen Jahren wird eifrig gebaut , nicht gebaut, gebaut, nicht gebaut &#8230;.. nun ja, Anfang 2015 habe ich mal ein Foto gemacht, zum Ende 2016 wurde kolportiert &#8220;es geht weiter&#8221;, im Januar 2017 wieder ein Foto, aber es sieht nicht so aus, dass es weitergeht. Auch jetzt im September 2018 ist nicht &hellip; <a href=\"http:\/\/abenax.de\/blog\/ennepetal-stadt-in-westfalen\/\" class=\"more-link\">Continue reading<span class=\"screen-reader-text\"> &#8220;Ennepetal&#8221;<\/span><\/a><\/p>\n","protected":false},"author":1,"featured_media":0,"parent":0,"menu_order":0,"comment_status":"open","ping_status":"open","template":"","meta":{"ngg_post_thumbnail":0,"pgc_sgb_lightbox_settings":"","footnotes":""},"class_list":["post-6","page","type-page","status-publish","hentry"],"_links":{"self":[{"href":"http:\/\/abenax.de\/blog\/wp-json\/wp\/v2\/pages\/6"}],"collection":[{"href":"http:\/\/abenax.de\/blog\/wp-json\/wp\/v2\/pages"}],"about":[{"href":"http:\/\/abenax.de\/blog\/wp-json\/wp\/v2\/types\/page"}],"author":[{"embeddable":true,"href":"http:\/\/abenax.de\/blog\/wp-json\/wp\/v2\/users\/1"}],"replies":[{"embeddable":true,"href":"http:\/\/abenax.de\/blog\/wp-json\/wp\/v2\/comments?post=6"}],"version-history":[{"count":120,"href":"http:\/\/abenax.de\/blog\/wp-json\/wp\/v2\/pages\/6\/revisions"}],"predecessor-version":[{"id":44773,"href":"http:\/\/abenax.de\/blog\/wp-json\/wp\/v2\/pages\/6\/revisions\/44773"}],"wp:attachment":[{"href":"http:\/\/abenax.de\/blog\/wp-json\/wp\/v2\/media?parent=6"}],"curies":[{"name":"wp","href":"https:\/\/api.w.org\/{rel}","templated":true}]}}